{"id":141,"date":"2025-07-09T21:21:56","date_gmt":"2025-07-09T21:21:56","guid":{"rendered":"https:\/\/as-messe.pl\/?page_id=141"},"modified":"2025-07-10T15:22:26","modified_gmt":"2025-07-10T15:22:26","slug":"o-nas","status":"publish","type":"page","link":"https:\/\/as-messe.pl\/index.php\/o-nas\/","title":{"rendered":"O NAS"},"content":{"rendered":"\n<div class=\"wp-block-cover aligncenter is-light\" style=\"min-height:309px;aspect-ratio:unset;\"><span aria-hidden=\"true\" class=\"wp-block-cover__background has-background-dim-100 has-background-dim\" style=\"background-color:#ffffff\"><\/span><div class=\"wp-block-cover__inner-container is-layout-flow wp-block-cover-is-layout-flow\">\n<div class=\"wp-block-group alignfull\"><div class=\"wp-block-group__inner-container is-layout-constrained wp-block-group-is-layout-constrained\">\n<div class=\"wp-block-group alignfull is-content-justification-space-between is-layout-flex wp-container-core-group-is-layout-0b2df045 wp-block-group-is-layout-flex\" style=\"padding-top:var(--wp--preset--spacing--30);padding-right:var(--wp--preset--spacing--30);padding-bottom:var(--wp--preset--spacing--30);padding-left:var(--wp--preset--spacing--30)\">\n<div class=\"wp-block-group is-layout-flex wp-block-group-is-layout-flex\"><div class=\"is-default-size wp-block-site-logo\"><a href=\"https:\/\/as-messe.pl\/\" class=\"custom-logo-link\" rel=\"home\"><img loading=\"lazy\" decoding=\"async\" width=\"675\" height=\"216\" src=\"https:\/\/as-messe.pl\/wp-content\/uploads\/2025\/07\/ASM-logo-bez-tla.png\" class=\"custom-logo\" alt=\"\" srcset=\"https:\/\/as-messe.pl\/wp-content\/uploads\/2025\/07\/ASM-logo-bez-tla.png 675w, https:\/\/as-messe.pl\/wp-content\/uploads\/2025\/07\/ASM-logo-bez-tla-300x96.png 300w\" sizes=\"auto, (max-width: 675px) 100vw, 675px\" \/><\/a><\/div><\/div>\n\n\n\n<p><strong>Przedstawiciel targ\u00f3w grupy Messe Dusseldorf<\/strong><\/p>\n<\/div>\n\n\n\n<div class=\"wp-block-cover aligncenter is-light has-custom-content-position is-position-top-center wp-duotone-unset-1\" style=\"margin-top:0;min-height:388px;aspect-ratio:unset;\"><img loading=\"lazy\" decoding=\"async\" width=\"1279\" height=\"621\" class=\"wp-block-cover__image-background wp-image-220 size-full\" alt=\"\" src=\"http:\/\/as-messe.pl\/wp-content\/uploads\/2025\/07\/O-nas-zdjecie.jpg\" data-object-fit=\"cover\" srcset=\"https:\/\/as-messe.pl\/wp-content\/uploads\/2025\/07\/O-nas-zdjecie.jpg 1279w, https:\/\/as-messe.pl\/wp-content\/uploads\/2025\/07\/O-nas-zdjecie-300x146.jpg 300w, https:\/\/as-messe.pl\/wp-content\/uploads\/2025\/07\/O-nas-zdjecie-1024x497.jpg 1024w, https:\/\/as-messe.pl\/wp-content\/uploads\/2025\/07\/O-nas-zdjecie-768x373.jpg 768w\" sizes=\"auto, (max-width: 1279px) 100vw, 1279px\" \/><span aria-hidden=\"true\" class=\"wp-block-cover__background has-black-background-color has-background-dim-0 has-background-dim\"><\/span><div class=\"wp-block-cover__inner-container is-layout-flow wp-block-cover-is-layout-flow\">\n<div style=\"height:50px\" aria-hidden=\"true\" class=\"wp-block-spacer\"><\/div>\n<\/div><\/div>\n<\/div><\/div>\n<\/div><\/div>\n\n\n\n<p>Firma A.S.M. Consulting Duesseldorf s.l.  jest wy\u0142\u0105cznym przedstawicielem na Polsk\u0119 niemieckiej sp\u00f3\u0142ki targowej Messe D\u00fcsseldorf GmbH \u2013 organizatora bran\u017cowych targ\u00f3w i wystaw na \u015bwiecie oraz jej sp\u00f3\u0142ek siostrzanych, firm: Messe D\u00fcsseldorf (Shanghai) i Messe D\u00fcsseldorf Asia \u2013 organizator\u00f3w targ\u00f3w bran\u017cowych w krajach azjatyckich.<\/p>\n\n\n\n<p class=\"has-text-align-left\">Reprezentuj\u0105c w Polsce interesy wiod\u0105cych w bran\u017cy organizator\u00f3w targ\u00f3w zajmujemy si\u0119 obs\u0142ug\u0105 firm \u2013 wystawc\u00f3w oraz odwiedzaj\u0105cych bior\u0105cych udzia\u0142 w targach w Niemczech oraz innych krajach na \u015bwiecie. <br><br>Ponadto \u015bwiadczymy us\u0142ugi z zakresu marketingu wystawienniczego i consultingu, obs\u0142uguj\u0105c na tym polu polskie i zagraniczne firmy z r\u00f3\u017cnych bran\u017c. Do dyspozycji naszych klient\u00f3w oddajemy profesjonalny zesp\u00f3\u0142 ludzi wykorzystuj\u0105cych swoj\u0105 wiedz\u0119 i do\u015bwiadczenie oraz znajomo\u015b\u0107 reali\u00f3w rynku.<\/p>\n\n\n\n<p><strong>Zakres dzia\u0142alno\u015bci firmy obejmuje:<\/strong><\/p>\n\n\n\n<p>&#8211; prowadzenie wy\u0142\u0105cznego przedstawicielstwa na Polsk\u0119 sp\u00f3\u0142ek targowych:<\/p>\n\n\n\n<p>Messe D\u00fcsseldorf GmbH&nbsp;&nbsp;&nbsp;&nbsp; Messe D\u00fcsseldorf Asia&nbsp;&nbsp;&nbsp;&nbsp; Messe D\u00fcsseldorf (Shanghai)<\/p>\n\n\n\n<p>Obs\u0142uga wystawc\u00f3w<br>obs\u0142uga odwiedzaj\u0105cych targi<br>wsp\u00f3\u0142praca z mediami<br>wsp\u00f3\u0142praca ze zwi\u0105zkami i organizacjami bran\u017cowymi<br><br>&#8211; us\u0142ugi w zakresie marketingu wystawienniczego:<br>doradztwo w wyborze imprez targowych<br>organizacja udzia\u0142u w targach<br>obs\u0142uga projekt\u00f3w targowych i wystaw w Polsce i za granic\u0105<br>projektowanie, budowa i aran\u017cacja stoisk targowych<br>organizacja prezentacji, konferencji prasowych<br>opracowywanie i realizacja akcji promocyjnych oraz PR<\/p>\n\n\n\n<hr class=\"wp-block-separator has-alpha-channel-opacity\"\/>\n\n\n\n<p><\/p>\n","protected":false},"excerpt":{"rendered":"<p>Firma A.S.M. Consulting Duesseldorf s.l. jest wy\u0142\u0105cznym przedstawicielem na Polsk\u0119 niemieckiej sp\u00f3\u0142ki targowej Messe D\u00fcsseldorf GmbH \u2013 organizatora bran\u017cowych targ\u00f3w i wystaw na \u015bwiecie oraz jej sp\u00f3\u0142ek siostrzanych, firm: Messe D\u00fcsseldorf (Shanghai) i Messe D\u00fcsseldorf Asia \u2013 organizator\u00f3w targ\u00f3w bran\u017cowych w krajach azjatyckich. Reprezentuj\u0105c w Polsce interesy wiod\u0105cych w bran\u017cy organizator\u00f3w targ\u00f3w zajmujemy si\u0119 obs\u0142ug\u0105<\/p>\n<p class=\"more-link\"><a href=\"https:\/\/as-messe.pl\/index.php\/o-nas\/\" class=\"themebutton\">Read More<\/a><\/p>\n","protected":false},"author":3,"featured_media":0,"parent":0,"menu_order":0,"comment_status":"closed","ping_status":"closed","template":"","meta":{"footnotes":""},"categories":[],"tags":[],"class_list":["post-141","page","type-page","status-publish","hentry"],"_links":{"self":[{"href":"https:\/\/as-messe.pl\/index.php\/wp-json\/wp\/v2\/pages\/141","targetHints":{"allow":["GET"]}}],"collection":[{"href":"https:\/\/as-messe.pl\/index.php\/wp-json\/wp\/v2\/pages"}],"about":[{"href":"https:\/\/as-messe.pl\/index.php\/wp-json\/wp\/v2\/types\/page"}],"author":[{"embeddable":true,"href":"https:\/\/as-messe.pl\/index.php\/wp-json\/wp\/v2\/users\/3"}],"replies":[{"embeddable":true,"href":"https:\/\/as-messe.pl\/index.php\/wp-json\/wp\/v2\/comments?post=141"}],"version-history":[{"count":7,"href":"https:\/\/as-messe.pl\/index.php\/wp-json\/wp\/v2\/pages\/141\/revisions"}],"predecessor-version":[{"id":223,"href":"https:\/\/as-messe.pl\/index.php\/wp-json\/wp\/v2\/pages\/141\/revisions\/223"}],"wp:attachment":[{"href":"https:\/\/as-messe.pl\/index.php\/wp-json\/wp\/v2\/media?parent=141"}],"wp:term":[{"taxonomy":"category","embeddable":true,"href":"https:\/\/as-messe.pl\/index.php\/wp-json\/wp\/v2\/categories?post=141"},{"taxonomy":"post_tag","embeddable":true,"href":"https:\/\/as-messe.pl\/index.php\/wp-json\/wp\/v2\/tags?post=141"}],"curies":[{"name":"wp","href":"https:\/\/api.w.org\/{rel}","templated":true}]}}

<div class="wp-block-cover aligncenter is-light" style="min-height:309px;aspect-ratio:unset;"><span aria-hidden="true" class="wp-block-cover__background has-background-dim-100 has-background-dim" style="background-color:#ffffff"></span><div class="wp-block-cover__inner-container is-layout-flow wp-block-cover-is-layout-flow">
<div class="wp-block-group alignfull"><div class="wp-block-group__inner-container is-layout-constrained wp-block-group-is-layout-constrained">
<div class="wp-block-group alignfull is-content-justification-space-between is-layout-flex wp-container-core-group-is-layout-0b2df045 wp-block-group-is-layout-flex" style="padding-top:var(--wp--preset--spacing--30);padding-right:var(--wp--preset--spacing--30);padding-bottom:var(--wp--preset--spacing--30);padding-left:var(--wp--preset--spacing--30)">
<div class="wp-block-group is-layout-flex wp-block-group-is-layout-flex"><div class="is-default-size wp-block-site-logo"><a href="https://as-messe.pl/" class="custom-logo-link" rel="home"><img loading="lazy" decoding="async" width="675" height="216" src="https://as-messe.pl/wp-content/uploads/2025/07/ASM-logo-bez-tla.png" class="custom-logo" alt="" srcset="https://as-messe.pl/wp-content/uploads/2025/07/ASM-logo-bez-tla.png 675w, https://as-messe.pl/wp-content/uploads/2025/07/ASM-logo-bez-tla-300x96.png 300w" sizes="auto, (max-width: 675px) 100vw, 675px" /></a></div></div>



<p><strong>Przedstawiciel targów grupy Messe Dusseldorf</strong></p>
</div>



<div class="wp-block-cover aligncenter is-light has-custom-content-position is-position-top-center wp-duotone-unset-1" style="margin-top:0;min-height:388px;aspect-ratio:unset;"><img loading="lazy" decoding="async" width="1279" height="621" class="wp-block-cover__image-background wp-image-220 size-full" alt="" src="http://as-messe.pl/wp-content/uploads/2025/07/O-nas-zdjecie.jpg" data-object-fit="cover" srcset="https://as-messe.pl/wp-content/uploads/2025/07/O-nas-zdjecie.jpg 1279w, https://as-messe.pl/wp-content/uploads/2025/07/O-nas-zdjecie-300x146.jpg 300w, https://as-messe.pl/wp-content/uploads/2025/07/O-nas-zdjecie-1024x497.jpg 1024w, https://as-messe.pl/wp-content/uploads/2025/07/O-nas-zdjecie-768x373.jpg 768w" sizes="auto, (max-width: 1279px) 100vw, 1279px" /><span aria-hidden="true" class="wp-block-cover__background has-black-background-color has-background-dim-0 has-background-dim"></span><div class="wp-block-cover__inner-container is-layout-flow wp-block-cover-is-layout-flow">
<div style="height:50px" aria-hidden="true" class="wp-block-spacer"></div>
</div></div>
</div></div>
</div></div>



<p>Firma A.S.M. Consulting Duesseldorf s.l.  jest wyłącznym przedstawicielem na Polskę niemieckiej spółki targowej Messe Düsseldorf GmbH – organizatora branżowych targów i wystaw na świecie oraz jej spółek siostrzanych, firm: Messe Düsseldorf (Shanghai) i Messe Düsseldorf Asia – organizatorów targów branżowych w krajach azjatyckich.</p>



<p class="has-text-align-left">Reprezentując w Polsce interesy wiodących w branży organizatorów targów zajmujemy się obsługą firm – wystawców oraz odwiedzających biorących udział w targach w Niemczech oraz innych krajach na świecie. <br><br>Ponadto świadczymy usługi z zakresu marketingu wystawienniczego i consultingu, obsługując na tym polu polskie i zagraniczne firmy z różnych branż. Do dyspozycji naszych klientów oddajemy profesjonalny zespół ludzi wykorzystujących swoją wiedzę i doświadczenie oraz znajomość realiów rynku.</p>



<p><strong>Zakres działalności firmy obejmuje:</strong></p>



<p>&#8211; prowadzenie wyłącznego przedstawicielstwa na Polskę spółek targowych:</p>



<p>Messe Düsseldorf GmbH&nbsp;&nbsp;&nbsp;&nbsp; Messe Düsseldorf Asia&nbsp;&nbsp;&nbsp;&nbsp; Messe Düsseldorf (Shanghai)</p>



<p>Obsługa wystawców<br>obsługa odwiedzających targi<br>współpraca z mediami<br>współpraca ze związkami i organizacjami branżowymi<br><br>&#8211; usługi w zakresie marketingu wystawienniczego:<br>doradztwo w wyborze imprez targowych<br>organizacja udziału w targach<br>obsługa projektów targowych i wystaw w Polsce i za granicą<br>projektowanie, budowa i aranżacja stoisk targowych<br>organizacja prezentacji, konferencji prasowych<br>opracowywanie i realizacja akcji promocyjnych oraz PR</p>



<hr class="wp-block-separator has-alpha-channel-opacity"/>



<p></p>

<p>Firma A.S.M. Consulting Duesseldorf s.l. jest wyłącznym przedstawicielem na Polskę niemieckiej spółki targowej Messe Düsseldorf GmbH – organizatora branżowych targów i wystaw na świecie oraz jej spółek siostrzanych, firm: Messe Düsseldorf (Shanghai) i Messe Düsseldorf Asia – organizatorów targów branżowych w krajach azjatyckich. Reprezentując w Polsce interesy wiodących w branży organizatorów targów zajmujemy się obsługą</p>
<p class="more-link"><a href="https://as-messe.pl/index.php/o-nas/" class="themebutton">Read More</a></p>
